divisor of s and w.
18
Suppose -28 = -s + f, 3*s - 2*f - 110 = -28. Let y = 60 - s. Suppose 0 = -10*z + 9*z + y. What is the highest common divisor of 136 and z?
34
Let g be (-14*(-1560)/(-1960))/(((-4)/1022)/2). Calculate the greatest common divisor of g and 156.
78
Suppose -5*x - 3*n + 34 = 0, 5*n - 18 = -2*x + 7. Suppose -3*v + t + 46 = 0, x*v - 74 = -0*t + 3*t. Calculate the greatest common divisor of 8 and v.
8
Let p(o) = -45*o - 15. Let d = 265 - 266. Let x be p(d). What is the highest common factor of x and 75?
15
Let s = 13809 - 13467. What is the greatest common factor of s and 1216?
38
Let i = -32 + 31. Let w be (36/(-5) - i/5) + 1. Let k = w + 26. What is the highest common factor of 10 and k?
10
Let h be (75225/236)/((-6)/(-112)). Calculate the greatest common factor of 17 and h.
17
Let y be (-4 - 9)/(-1)*(0 + 1). Suppose 2*m = -6*q + q + y, 0 = q + 4*m + 1. What is the greatest common factor of q and 5?
1
Let d(l) = -2*l**3 - 27*l**2 - 12*l + 13. Let n be d(-13). Suppose n = 2*v + 12*v - 1456. What is the greatest common factor of 13 and v?
13
Let z be 160/(1 - 2)*(-112)/112. Calculate the greatest common factor of 1280 and z.
160
Let m(x) = -9 + x + 4 - 2 - 7*x. Let l be m(-2). Suppose -l*u = 2 - 52. Calculate the highest common factor of 20 and u.
10
Let v(d) = 21*d**2 + 7*d - 2. Let n be v(2). Suppose 2*i - 3*t + 2*t = n, 0 = -4*i + 3*t + 192. What is the highest common divisor of i and 60?
12
Suppose 4*z - 575 = 5*c, -3*z + 389 = 3*c - 49. Calculate the highest common divisor of z and 15.
5
Let u(l) be the third derivative of -7/6*l**3 + 5/12*l**4 + 0 - 4*l**2 + 1/60*l**5 + 0*l. Let v be u(-11). What is the greatest common factor of 2 and v?
2
Let x(c) = 42*c**2 + 24*c - 20. Let g be x(1). What is the highest common divisor of g and 16?
2
Let y be (-150)/125*(-517400)/39. What is the highest common factor of 30 and y?
10
Suppose 2*h - 1020 = -5*z, -105*z + 106*z + 3*h = 204. Calculate the greatest common factor of 1292 and z.
68
Let n be 4/(-1) - -9 - (-751)/1. Suppose 9*h = -12*h + n. What is the greatest common factor of 8 and h?
4
Suppose 3*p + 16 = -5*m + 42, 6 = -p + 2*m. Let y(q) = q + 1. Let z be y(p). Suppose -z*o + 6*o = 36. Calculate the highest common divisor of 12 and o.
12
Let c(s) = -5*s - 85. Let a be c(-20). Let g be (-380)/(-266)*(a + -1). What is the highest common divisor of 80 and g?
20
Suppose 256 = 3*b + 5*b. Let t be ((-15)/(-10))/(3 + (-93)/b). Suppose t + 19 = s. Calculate the greatest common divisor of 70 and s.
35
Suppose -14*u - 29*u + 6966 = 0. Let d = -230 + 338. Calculate the greatest common factor of u and d.
54
Let y = 49 - 29. Suppose 2*p = 7*p - y. Suppose 0*m + o = -m + 123, p*o = 4*m - 532. What is the highest common factor of m and 16?
16
Let l be ((-4)/(-16))/(3/60). Suppose 0*u = l*u - 280. Suppose -14*k + 12*k + 16 = 0. Calculate the highest common divisor of k and u.
8
Suppose 5*p = 2*r - 292 - 395, r = 3*p + 342. Let n = -245 + r. Calculate the greatest common divisor of 265 and n.
53
Suppose 2559 = 19*k + 469. Let l be 2*(2 - 4)*275/(-4). What is the greatest common factor of l and k?
55
Let l = -27092 + 27099. Calculate the greatest common divisor of l and 16261.
7
Let a(z) = z**3 + 9*z**2 + 5*z - 4. Let s be a(-8). Let n be (84/s)/(2/30*1). Let c = 7 + 0. What is the greatest common factor of c and n?
7
Let i(u) = 10*u**2 - 3*u - 109. Let o(h) = -3*h**2 + h + 36. Let r(v) = 2*i(v) + 7*o(v). Let y be r(0). What is the greatest common divisor of y and 2?
2
Suppose 4*k = -5*g + 11846, 3*g = 3*k + 8955 - 1896. What is the highest common factor of g and 4?
2
Suppose 0 = 3*n, 5 = 5*t + 8*n - 4*n. Let r = -6 - -9. Calculate the highest common factor of r and t.
1
Suppose -7*w + 465 = 178. Suppose w = 2*s - 3*n, -10 = -2*s + n + 21. What is the greatest common factor of s and 52?
13
Let t(j) = 1609*j**2 - 61*j - 162. Let a be t(-3). What is the greatest common factor of 6 and a?
6
Let y(a) = 10*a**2 + 438*a - 48. Let u be y(-45). Calculate the greatest common divisor of u and 1148.
164
Suppose 2*i + 408 = 4*q, -2*q + 5*i + 338 = 118. Suppose -64 + q = -t. Let x be ((-84)/9)/(((-3)/t)/(-1)). Calculate the highest common divisor of 16 and x.
16
Let a be (396/(-16))/(3/(-12)). Suppose -125*x - 26*x + 9966 = 0. Calculate the greatest common divisor of x and a.
33
Suppose 336 + 394 + 494 = 24*u. Calculate the highest common factor of u and 51.
51
Suppose 448*y - 81*y - 99613 = 581172. Calculate the greatest common factor of 140 and y.
35
Suppose -11*u = -17*u + 18. Suppose 3*f = 3*m + 9, -5*m + 5*f - u = 4*f. Suppose 3*d - 110 + 8 = m. What is the highest common factor of 102 and d?
34
Let n = -1596 + 1820. Let f be ((-32)/6)/((-3)/18). What is the greatest common factor of f and n?
32
Let r be 602/49*462/12. What is the greatest common divisor of 688 and r?
43
Let l = 3 - -4. Suppose 2992 = -13*g + 3083. Calculate the greatest common divisor of g and l.
7
Suppose -3*b - 21 = 6. Let c be 2 - 3/b*3. Suppose 945 = 5*o - c*u + 4*u, 3*o = u + 567. What is the greatest common divisor of o and 21?
21
Let l be 264 - (3*2/(-57) - (-2)/19). What is the highest common factor of l and 2618?
22
Suppose -3*r = -3*a - 13 + 157, -5*a + 234 = -3*r. Let c = 73096 - 72946. What is the greatest common divisor of a and c?
15
Suppose -49*v + 1418 = -787. What is the greatest common factor of 2205 and v?
45
Let p(c) = -2133*c + 21414. Let s be p(10). Let a = -14 + 39. Let u = -13 + a. What is the greatest common factor of u and s?
12
Suppose 2*h + d = -h + 1253, -3*d = -4*h + 1649. Let l(t) = t**3 - 8*t**2 + 28*t - 13. Let w be l(5). Calculate the greatest common divisor of w and h.
52
Suppose 4*p - 103*n + 101*n - 6624 = 0, -p = -2*n - 1668. Let j(r) = 2*r**2 - 5*r + 3. Let s be j(5). What is the highest common factor of s and p?
28
Suppose -7*f + 4*l = -8*f + 8, 140 = 5*f - 5*l. Suppose -5*n = -2*n + 15, 3*n - 2193 = -4*q. What is the greatest common factor of f and q?
24
Let p = -34745 + 36078. What is the greatest common factor of p and 602?
43
Suppose 0*p - 3*p - 5*w + 2140 = 0, 2152 = 3*p + 2*w. Suppose 50*y = 38*y + p. What is the greatest common divisor of y and 84?
12
Let z be 5*4/(-40)*-326. Let g = 173 - z. Calculate the greatest common factor of 330 and g.
10
Let a = -1671 + 1694. Let z = 40 - 21. Suppose -a*l + z*l = -16. Calculate the highest common factor of 16 and l.
4
Suppose 0 = n + 5*y - 12540, 3*y + 12524 = -153*n + 154*n. What is the greatest common divisor of n and 70?
70
Suppose 5*n - 260 = -28*f + 32*f, 3*n + 4*f = 124. What is the highest common factor of 48 and n?
48
Let k be 5104/203*(-175)/(-20). Calculate the highest common divisor of k and 8250.
110
Suppose -2*m + 6 = 4, -5*j + 4174 = 4*m. Suppose j*f - 22 = 833*f. Calculate the highest common factor of 44 and f.
22
Let m be 49*(-37)/(-3626) - 3078/(-4). What is the greatest common factor of 154 and m?
154
Suppose 0 = -3*t + b + 125, 5*t - 141 = -3*b + 72. Suppose -11*z + 16 + 17 = 0. Suppose -48 = -u - z*u. What is the greatest common divisor of u and t?
6
Let u be (3*9)/(150/400). What is the highest common factor of 232 and u?
8
Suppose 25*o = -44*o + 273378. Calculate the highest common divisor of o and 98.
14
Let d be (5/5 - (-1)/(-3))/(15/810). What is the highest common divisor of 8046 and d?
18
Let u(z) be the third derivative of -z**5/10 + 103*z**4/12 - 7*z**3/3 - 323*z**2. Let n be u(33). What is the highest common factor of 200 and n?
50
Let m = 14 - 4. Let a be 1316/133 - 60/(-570). Calculate the highest common factor of m and a.
10
Let g = -39783 + 46184. Calculate the greatest common factor of 346 and g.
173
Let k be (-13012)/(-20) + (-2)/(-5). Suppose -21*c = -k + 84. Calculate the highest common divisor of 6 and c.
3
Suppose -4*z + 4*s = -24, -6 = -5*s - 1. Let m be 15/(-10)*-2 - 3. Suppose 0 = -m*w + 4*w - 308. What is the greatest common divisor of w and z?
7
Let p(o) = -213*o**2 - 13*o - 3. Let g be p(-1). Let y = g - -303. Calculate the highest common divisor of y and 70.
10
Let c(k) = -163*k - 4247. Let m be c(-38). What is the highest common divisor of 132 and m?
33
Suppose 5*p + 65*y = 67*y + 78, -p - 5*y = -21. What is the greatest common divisor of 44 and p?
4
Let b = 123123 - 72590. Suppose -b = -52*i + 27